= 28*z + 4. Let d(r) = -23*r - 4. Let q(n) = 5*d(n) + 4*w(n). What is q(0)?
-4
Let h(v) = v - 7. Let i(u) = 3*u + 21. Let c be i(-7). Suppose c*s + 6 = -2*s, -5*s + 10 = 5*m. Let q be 0/(-1) - (-3 - m). What is h(q)?
1
Let v(r) = -163*r**2 - 28*r - 11. Let j(a) = 33*a**2 + 5*a + 2. Let t(m) = -11*j(m) - 2*v(m). Determine t(1).
-36
Let v(a) = -30 + 6 + 9 + 5 + 6*a + a**2 + 15. Let w = -9 - -5. Determine v(w).
-3
Suppose 5*y - 12 = -4*h - 0, -2*h + 4 = 2*y. Let w(i) be the first derivative of i**2/2 - 4*i - 981. Determine w(y).
0
Let o(x) = -2*x + 2. Let z = 11 - 9. Suppose 0*l - z*l - 4*q + 148 = 0, -142 = -2*l - 2*q. Let h be (l/(-85))/((-2)/(-5)). Determine o(h).
6
Suppose 0*q - 5*l = q + 18, -3*l = -q + 14. Let a = 9 + -4. Let k(b) = -4 + 2 + 5 - a*b. Determine k(q).
-7
Let g(f) be the first derivative of f**3/3 - 9*f**2/2 + 4*f - 5. Let w = -177 + 182. Determine g(w).
-16
Let t(z) = z**2 - 10*z + 16. Let p be t(7). Suppose 10 = 5*x, 2*j + x - 3 = 3. Let m(d) = -7 + d**j + 3 + 10 + 7*d + 1. What is m(p)?
-3
Let m(l) = -8*l - l**3 + 10 - 5*l**2 + l - 2*l**3 + 2*l**3 + 14*l. Calculate m(-6).
4
Let k(q) = q**3 - 4*q**2 - 5*q. Let d be (-291)/(-12) + (-3)/(-4). Suppose d = 6*f - f. What is k(f)?
0
Let l be 5 + 53/(-2)*-2. Let v(s) = 65*s + 0 - 125*s + l*s - 9. Give v(-6).
3
Suppose 4*g - 2 = 3*g. Let o = 10 + -8. Let x(d) = -5 + g*d**2 - 6*d**2 + 4*d + 1 - d**3 - d**o. What is x(-6)?
8
Let h(w) be the second derivative of -w**7/2520 + w**6/720 - w**5/60 - 13*w**4/6 + 13*w. Let a(p) be the third derivative of h(p). Determine a(0).
-2
Let h(v) = -1 + 12*v + 9*v + v**2 - 19*v. Give h(-3).
2
Let d(t) = -11*t - 215. Let z be d(-20). Let f(l) = -9*l + 6. Let q(n) = -2*n + 5*n - 2*n. Let b(g) = -f(g) - 6*q(g). What is b(z)?
9
Let y(s) be the first derivative of -s**2/2 - 7*s - 5. Let t(w) = w + 0*w - 9 - 6*w. Let k be t(-3). Determine y(k).
-13
Let q(o) = o**3 - 3*o**2 - 2*o - 2. Let x = -121 + 153. Suppose -9*s + x = -s. Determine q(s).
6
Let q be 2/(3 + 1)*-10. Suppose 8*y - 3 = 13. Let a(p) = 0*p + p**y - p - 4*p - 2*p**2. Give a(q).
0
Let c(f) = f**3 + 6*f**2 - 7*f + 6. Suppose 9 - 15 = -2*a. Let i = 12 + -11. Suppose -2 = t + i, 0 = -v - a*t - 16. Determine c(v).
6
Suppose 0 = -4*l + 3*q + q - 40, -q = -4*l - 28. Let z(t) = -t**2 - 4*t + 8. Give z(l).
-4
Let d(l) = -4*l + 3. Let m be d(0). Let r(c) = -3*c + m*c - 6 - c. What is r(0)?
-6
Let p(k) = -2*k**3 - 9*k**2 + 23*k + 2. Let v(b) = -b**3 + b + 1. Let u(f) = p(f) - 3*v(f). Determine u(5).
-1
Suppose -4*h + 6*h - 3*k + 3 = 0, -h - 9 = k. Let w(o) = -o**2 + 3*o + 7. Give w(h).
-47
Let v(q) = q**2 - 4*q + 6. Let b(f) = -f**2 + 4*f - 4. Let t(l) = 4*b(l) + 3*v(l). Determine t(7).
-19
Let l(n) = 4*n + 3. Let v(j) = 39*j + 30. Let p(x) = -21*l(x) + 2*v(x). Let y(o) = o**3 - 9*o**2 + 4*o + 68. Let a be y(7). Calculate p(a).
9
Let k(y) be the first derivative of -y**3/3 + 9*y**2/2 - 20*y + 50. Calculate k(6).
-2
Let r(i) = -i**3 + 10*i**2 - 11*i + 7. Let z = -1717 + 1726. Determine r(z).
-11
Let a(z) = -z - 6. Let y(o) = o**3 - 7*o**2 - 2*o + 2. Let v be y(7). What is a(v)?
6
Let z(d) be the third derivative of d**6/120 - d**5/60 + d**4/24 + d**3/6 + 30*d**2. Suppose 2*k - 4*i + 6 = 0, 0*i = 2*k + 2*i. Give z(k).
-2
Let r(w) = 4*w**3 + 7*w - 5*w**3 + 3*w - 2*w - 6*w**2 + 6. Suppose 37 = -2*i + 23. What is r(i)?
-1
Let j(k) = k**3 + 3*k**2 + 2*k. Suppose -13*o + 9*o = s + 14, -3*o = 4*s + 17. What is j(s)?
0
Let q(r) = 5*r**2 + 2*r - 7. Let w(d) = -d**2 - d + 1. Let z(g) = -q(g) - 6*w(g). Let b(l) be the first derivative of z(l). Calculate b(6).
16
Let y(w) be the first derivative of -w**3/6 - 2*w**2 - 20*w - 28. Let r(a) be the first derivative of y(a). Determine r(-4).
0
Let y(k) = -k**3 - 3*k**2 + 1. Let a be ((-4)/(-9) + 3/54)*-6. Give y(a).
1
Let g = 161 - 163. Let w(x) = 3*x - 3. Calculate w(g).
-9
Let n(m) = -7 + 6 - 1 - m + 3. Let o(h) = 6*h - 6. Let z(t) = -5*n(t) - o(t). What is z(5)?
-4
Suppose 258 = 58*h - 148. Let t(n) be the first derivative of -7/2*n**2 - 1/3*n**3 + h + 4*n. Determine t(-6).
10
Suppose 0 = 6*x - 18*x - 12. Let o(n) = 3*n**2 - n. Determine o(x).
4
Let c(l) be the third derivative of -15*l**2 + 0*l + 0*l**3 + 0 + 5/24*l**4. What is c(-1)?
-5
Let o(r) be the first derivative of r**3/6 - 5*r**2/2 + 2*r - 1. Let i(d) be the first derivative of o(d). Let z = 7 - 3. Give i(z).
-1
Let t(s) = 9*s + 3. Let n(j) = 2*j**3 + 77*j**2 + 37*j - 42. Let b be n(-38). What is t(b)?
-33
Let q(l) = -3*l**2 - 4*l**2 + 5 + 7*l**2 - l**2. Calculate q(3).
-4
Let p(i) = i - 10. Suppose o = 13*o - 1464. Suppose -3*l + 143 = o. What is p(l)?
-3
Let z(t) = 2 + 2 - 7*t**2 + 5*t**3 - t + 2*t**2 - 6*t**3 - 2*t**2. Calculate z(-7).
11
Suppose -c - 5 = -2*u, 7*u - 11 = 2*u + c. Let m be (-1 - -1)/(-3 + 1). Let g(z) = m + 11*z - 12*z - u. What is g(2)?
-4
Let v(g) be the third derivative of -g**6/120 - g**5/12 - g**4/8 + g**3/3 - g**2. Let c(u) = u**3 + u**2 - 1. Let i be c(1). Let k be i*1*8/(-2). Give v(k).
-2
Let i(t) = -13*t - 23. Let o(m) = -3*m - 6. Let j(l) = 2*i(l) - 9*o(l). What is j(-4)?
4
Let b = -44 - -51. Let j(q) be the second derivative of -q**5/20 + q**4/2 + 4*q**3/3 + 5*q**2 + 5*q + 2. Give j(b).
17
Let b(v) = -v + 2. Let p be b(1). Let r(i) = 1 + 6 + p + i - 7. Let a be 33/(-12) - 1/4. Give r(a).
-2
Let m = 6 - 136. Let t = m + 134. Let j(c) = -2*c**2 + 5*c + 3. Determine j(t).
-9
Let z be -10 - (-14)/4*2. Let c(n) = 2*n. Give c(z).
-6
Let y(h) = h + 17*h**2 - 6*h**2 - 12*h**2 + 6. Give y(0).
6
Let h(g) be the second derivative of -g**4/6 + 2*g**3/3 - g + 526. Let f(j) = -j**2 - 3*j + 1. Let w be f(-2). Give h(w).
-6
Suppose -b - 13 = 5*o, 0 = -4*o + 3*o + 5*b + 13. Let l be 0 - (-1 - 8/o). Let s(a) = 5*a + 1. Let h(d) = -d. Let t(i) = 6*h(i) + s(i). Calculate t(l).
4
Let v(k) = 13*k**2 + 3*k + 24. Let i(u) = -7*u**2 - 2*u - 13. Let x(r) = -11*i(r) - 6*v(r). Calculate x(6).
-13
Let g(n) = n**2 + 19*n + 13. Let m(s) = s**2 + 14*s + 27. Let f be m(-5). Calculate g(f).
-5
Let s(l) = -l + 3. Let q be s(0). Let n(x) = -6 + 2 + q - x. What is n(-1)?
0
Let h(g) = 1. Let f(u) = -3*u**2 - 4*u - 3. Let p be f(-1). Let z(r) = -r - 9. Let q(n) = p*h(n) - z(n). Let y(j) = j**2 + 7*j + 6. Let x be y(-4). Give q(x).
1
Let d = 649 + -642. Let q(k) = k**3 - 8*k**2 + 9*k - 7. Calculate q(d).
7
Let a = 64 + -75. Let b(f) = f**2 + 12*f + 5. What is b(a)?
-6
Let u(w) = -7*w**2 - 581 + 286 + 290. Let i(s) = -4*s**2 - 3. Let o(c) = -5*i(c) + 3*u(c). Let j = -1 + 1. What is o(j)?
0
Suppose -4*q = -0*h + 3*h - 53, -4*h - q + 75 = 0. Let x(u) = 25 + 5*u - 2*u - h. Suppose -24 = 20*i - 16*i. Determine x(i).
-12
Let m(a) = -a**2 + 10*a + 9. Let p be m(11). Let h(j) = j**2 + 5*j + 4. What is h(p)?
-2
Let q = -25 + 28. Suppose -q*s = -0*s. Suppose -2*i + 0*y - 5*y + 2 = s, -5*y = 5*i + 10. Let x(a) = -a - 3. What is x(i)?
1
Suppose 0 = 3*c - 3*p - 18, 20 + 8 = 5*c - 4*p. Suppose c*v = 6*v - 5*u - 23, 4*v - 2*u = 38. Let j be -3 + v/(36/(-16)). Let x(o) = -o + 5. Give x(j).
12
Let i(y) be the second derivative of -1/20*y**5 - 2/3*y**3 + 14*y + 0 - y**2 - 1/6*y**4. Calculate i(-2).
6
Let o(n) be the second derivative of -n**6/720 - n**5/60 + 4*n**4/3 - 14*n. Let i(d) be the third derivative of o(d). Give i(-1).
-1
Let s(i) = -2*i**2 - i - 1. Let x be (-1 + 3)*90/(-20). Let u be (-1)/(13/(-7) + 2). Let k = x - u. Determine s(k).
-7
Let q = -47 - -53. Let r(o) be the third derivative of o**6/120 - o**5/15 - o**4/3 - 2*o**3/3 + 3*o**2. Determine r(q).
20
Suppose 12 = 2*b - 10. Let d = -7 + b. Let m(n) = -n - 2*n + n**3 + n**2 + 6 - 5*n**2. What is m(d)?
-6
Let j = 3 + -3. Suppose 2 + j = h. Let n(v) = 4*v + 9 - 11 - 2*v**h + v. Calculate n(3).
-5
Let n(g) = -g - 17. Let l(v) = -6. Let p(u) = -l(u) - n(u). Calculate p(-10).
13
Let r(d) = -20*d**3 - 2*d**2 + d. Let z(y) = -y**3 - 31*y**2 + 1. Let k be z(-31). Calculate r(k).
-21
Let v(q) = q**3 - 9*q**2 + 10*q - 10. Let d(p) = p**3 - 2*p**2 + 4*p - 2. Let t be d(2). Suppose l = t - 2. Let m be (-2 - -1) + (l - -5). What is v(m)?
6
Let m(w) be the first derivative of w**4/4 + 2*w**3 - w**2/2 + 10*w - 16. Give m(-7).
-32
Let m(h) = -h - 3. Let o(v) = 3*v + 11. Let i(z) = -4*m(z) - o(z). Give i(5).
6
Let a(c) be the first derivative of 11 + 1/24*c**4 - 9/2*c**2 - 1/6*c**3